 r(17).
-352
Let r(o) = o**3 - 11*o**2 + 2*o - 142. Give r(12).
26
Let i(p) = 8*p**2 - 88*p + 13. Calculate i(11).
13
Let x(b) = -418*b + 7727. Determine x(19).
-215
Let o(b) = -b**2 - 287*b - 568. Calculate o(-2).
2
Let g(f) = -4*f**3 - 7*f**2 + 5*f + 7. Determine g(5).
-643
Let q(o) = 134*o - 12459. Determine q(93).
3
Let m(n) = -2213*n + 19919. Calculate m(9).
2
Let g(p) = 10*p + 741. Give g(-74).
1
Let c(v) = v**3 + 8*v**2 + 75*v + 589. Calculate c(-9).
-167
Let b(n) = 85*n - 62. Give b(-1).
-147
Let c(n) = 272*n + 554. What is c(-1)?
282
Let s(b) = -596*b - 51267. What is s(-86)?
-11
Let u(g) = -16*g + 27. Give u(0).
27
Let s(y) = -20*y**3 - y**2. What is s(1)?
-21
Let b(j) = -664*j - 17253. Give b(-26).
11
Let u(c) = -c**2 - 472*c - 8643. Give u(-19).
-36
Let v(t) = 5*t + 276. Calculate v(-56).
-4
Let u(q) = 123*q + 102. What is u(-1)?
-21
Let z(a) = -3*a**3 + 38*a**2 + 23*a - 139. Give z(13).
-9
Let v(b) = -54*b + 1013. Calculate v(19).
-13
Let v(y) = -y**3 - 29*y**2 + 293*y + 2905. What is v(-35)?
0
Let r(f) = -f**2 + 4299*f + 12906. What is r(-3)?
0
Let b(r) = -19*r**2 - 38*r + 120. What is b(3)?
-165
Let s(b) = b**3 - 25*b**2 - 98*b + 144. Calculate s(28).
-248
Let y(d) = -63*d**2 + 1763*d + 23. Give y(28).
-5
Let g(w) = -w**3 + 17*w**2 - 82*w - 9. Determine g(9).
-99
Let j(p) = p**3 - 86*p**2 + 250*p - 158. What is j(83)?
-75
Let f(o) = -o**3 - 68*o**2 + 34*o + 2321. Determine f(-68).
9
Let h(q) = -q**2 + 11*q - 64. What is h(18)?
-190
Let z(x) = x**3 + 45*x**2 + 94*x + 190. Determine z(-43).
-154
Let z(d) = d**3 + 54*d**2 - 33*d - 1785. Calculate z(-54).
-3
Let c(t) = 34*t - 110. What is c(-8)?
-382
Let c(w) = 10*w**2 + 104*w + 160. Calculate c(-10).
120
Let y(k) = 3307*k - 19836. What is y(6)?
6
Let o(s) = 2654*s - 183135. Determine o(69).
-9
Let n(x) = 75*x**2 + 971*x - 60. Give n(-13).
-8
Let c(d) = d**3 + 23*d**2 - 143*d - 2. Give c(5).
-17
Let w(q) = q**2 - 6*q - 5. Calculate w(14).
107
Let b(i) = -56*i**2 + 846*i + 1. Calculate b(15).
91
Let k(s) = -8*s + 17. What is k(-10)?
97
Let f(t) = -52*t - 2019. Give f(-39).
9
Let t(k) = -k**3 + 12*k**2 - 278*k + 979. Determine t(4).
-5
Let v(l) = -l**2 - 27*l + 133. Determine v(-28).
105
Let z(v) = 167*v - 2681. Give z(15).
-176
Let i(g) = -4*g**2 - 11*g - 23. Determine i(6).
-233
Let z(f) = 22*f**2 - 7*f - 37. Give z(3).
140
Let q(o) = -o**2 - 217*o + 2987. Give q(13).
-3
Let v(l) = 2148*l - 32211. Determine v(15).
9
Let f(s) = -2*s**3 + 13*s**2 + 9. Give f(7).
-40
Let a(o) = 1778*o - 24895. Calculate a(14).
-3
Let c(s) = 1597*s + 17565. What is c(-11)?
-2
Let c(g) = -10*g + 112. Calculate c(68).
-568
Let z(t) = t**3 + 40*t**2 + 108*t + 190. Calculate z(-37).
301
Let f(a) = -495*a + 193541. Determine f(391).
-4
Let i(o) = -o**2 + 169*o + 1334. Give i(-8).
-82
Let p(q) = -q**2 + 352*q + 6308. Calculate p(-17).
35
Let o(g) = 49*g + 235. Determine o(-4).
39
Let y(w) = -w**3 - 86*w**2 - 331*w - 337. What is y(-82)?
-91
Let k(r) = -r**2 + 136*r + 894. What is k(0)?
894
Let m(u) = -17*u - 101. What is m(2)?
-135
Let s(l) = -l**2 - 31*l - 147. Determine s(-6).
3
Let a(c) = -4*c**3 - 3*c**2 + 606*c - 4. Calculate a(0).
-4
Let v(c) = -c**2 + 34*c - 111. Give v(29).
34
Let p(f) = f**3 - f**2 + f - 30. Determine p(4).
22
Let t(f) = -14*f - 351. What is t(-22)?
-43
Let j(s) = -13*s**2 + 783*s - 179. What is j(60)?
1
Let z(u) = u**2 + 169*u + 2313. Calculate z(-15).
3
Let r(i) = 2*i**3 - 75*i**2 - 8*i - 1159. Give r(38).
-19
Let m(g) = 45*g**2 - 2429*g - 58. Calculate m(54).
-4
Let l(o) = 7*o + 47. Calculate l(-10).
-23
Let d(r) = 238*r + 2801. Calculate d(-11).
183
Let j(s) = 24*s**2 + 122*s - 7. What is j(-5)?
-17
Let x(w) = 15*w + 248. Determine x(-14).
38
Let o(b) = 34*b - 1326. Give o(43).
136
Let b(z) = 7*z**2 + 43*z + 155. Determine b(-4).
95
Let v(f) = -3*f**3 - 10*f**2 + 8*f + 30. Calculate v(-4).
30
Let r(y) = 2*y**3 + 53*y**2 + 303*y - 63. Determine r(-18).
-9
Let x(s) = -s**3 - 8*s**2 + 15*s - 12. Give x(-11).
186
Let q(l) = 17*l - 267. Determine q(11).
-80
Let g(b) = 12*b**3 + 75*b**2 + 23*b + 15. Give g(-6).
-15
Let j(z) = 39*z**2 - 3471*z. Calculate j(89).
0
Let k(r) = -37*r**2 + 412*r - 23. What is k(11)?
32
Let w(h) = 115*h + 542. What is w(-5)?
-33
Let i(z) = z**3 + 3*z**2 - 330*z - 1606. Give i(-5).
-6
Let t(i) = i**2 + 27*i - 11. Give t(-24).
-83
Let o(t) = -18*t**3 + 107*t**2 + 7*t - 12. Determine o(6).
-6
Let t(z) = -z**3 - 7*z**2 + 16*z + 42. What is t(3)?
0
Let b(x) = 131*x + 3944. Give b(-30).
14
Let i(b) = 7*b**3 - b**2 - 7. What is i(-2)?
-67
Let l(i) = i**3 - 78*i**2 - 152*i - 635. Give l(80).
5
Let i(u) = 9*u - 51. What is i(-8)?
-123
Let b(u) = -26*u**2 + 225*u + 677. Give b(-3).
-232
Let o(n) = 15*n + 343. What is o(-25)?
-32
Let s(i) = i**2 - 36*i - 347. Calculate s(43).
-46
Let y(l) = -414*l - 13244. Determine y(-32).
4
Let d(w) = 6*w**2 - 22*w + 28. Calculate d(2).
8
Let q(z) = -z**3 - 33*z**2 - 250*z + 156. What is q(-14)?
-68
Let x(m) = -m**3 + 31*m**2 - 227*m + 177. Determine x(10).
7
Let o(p) = 31*p - 1140. Determine o(4).
-1016
Let f(b) = -15*b + 13. Calculate f(8).
-107
Let b(z) = 111*z + 3436. Calculate b(-31).
-5
Let p(o) = 274*o + 6560. Give p(-24).
-16
Let r(w) = -470*w**2 - 62*w - 61. What is r(-1)?
-469
Let b(o) = 60*o**2 - 326*o + 134. Give b(5).
4
Let t(p) = -2*p**3 - 58*p**2 + 2*p + 134. Give t(-29).
76
Let v(q) = -3*q**2 - 289*q + 189. Give v(-97).
-5
Let c(f) = -42*f**2 - 5667*f + 402. What is c(-135)?
-3
Let a(l) = -8*l**3 - 3*l**2 + 4*l + 1. Calculate a(1).
-6
Let f(b) = 2*b**3 + 48*b**2 - 49*b + 16. Give f(-25).
-9
Let f(x) = -840*x + 5072. Give f(6).
32
Let n(i) = 6*i - 26. Calculate n(4).
-2
Let j(u) = -3*u**3 + 123*u**2 - 124*u + 150. What is j(40)?
-10
Let v(o) = -o**3 - 71*o**2 + 2*o + 47. Give v(-71).
-95
Let w(k) = 3*k**3 - 139*k - 139. What is w(-1)?
-3
Let s(h) = h**3 + 71*h**2 + 3*h + 212. Determine s(-71).
-1
Let s(r) = 1297*r - 9071. Give s(7).
8
Let c(w) = 99*w - 464. Calculate c(5).
31
Let h(d) = 44*d - 1254. Give h(29).
22
Let f(p) = -136*p + 16. Determine f(0).
16
Let k(b) = b**2 - 602*b + 11083. Determine k(19).
6
Let x(m) = 1276*m + 31911. Give x(-25).
11
Let u(k) = 6*k - 390. What is u(38)?
-162
Let y(w) = w**3 - w**2 - 20*w + 26. Give y(7).
180
Let t(u) = -1315*u + 17091. Calculate t(13).
-4
Let u(l) = 5*l**3 - 8*l**2 + 30*l - 78. Give u(3).
75
Let l(g) = 42*g + 8. Calculate l(-2).
-76
Let o(n) = 2*n**3 - 80*n**2 + 64*n + 11. Calculate o(39).
-535
Let q(r) = 4*r**2 + 262*r - 1550. What is q(6)?
166
Let j(u) = -4*u**2 + 66*u - 1. Give j(15).
89
Let r(d) = -5*d**2 - 287*d - 419. Calculate r(-56).
-27
Let r(n) = n**3 + 10*n**2 - 10*n + 41. Calculate r(-10).
141
Let t(z) = 2*z**2 + 7*z - 26. What is t(-6)?
4
Let k(t) = -2*t**2 - 136*t - 2205. Give k(-27).
9
Let p(q) = -q**3 - 16*q**2 - 10*q + 65. What is p(-15)?
-10
Let d(q) = q**3 + 13*q**2 - 122*q - 136. Give d(-19).
16
Let l(a) = -a**3 + 5*a**2 + 8*a - 1. What is l(5)?
39
Let a(z) = 783*z + 62630. Calculate a(-80).
-10
Let g(q) = 324*q + 1252. Give g(-4).
-44
Let t(f) = -7*f**3 - 49*f**2 + 8*f - 394. Determine t(-8).
-10
Let a(t) = -55*t + 29. Give a(7).
-356
Let f(y) = -11*y + 25. Give f(-6).
91
Let z(i) = -2*i**3 + 19*i**2 + 360*i - 309. What is z(-10)?
-9
Let f(b) = -b**2 - 46*b - 515. Determine f(-19).
-2
Let w(i) = 245*i - 4887. Give w(20).
13
Let t(g) = -5*g**3 + 152*g**2 + 92*g + 94. Calculate t(31).
63
Let m(o) = 2*o**3 - 53*o**2 + 84*o - 187. Calculate m(25).
38
Let s(d) = -d**2 - 57*d + 2042. Determine s(25).
-8
Let t(w) = 75*w**3 - w**2 - 30*w + 30. What is t(1)?
74
Let a(o) = 60*o + 641. Give a(3).
821
Let l(f) = 33*f + 2647. What is l(-80)?
7
Let o(k) = -2*k**2 - 478*k + 6555. Give o(13).
3
Let m(w) = 4442*w - 217654. What is m(49)?
4
Let b(x) = 10*x - 2. Give b(1).
8
Let l(r) = -4*r**2 + 151*r - 13. Determine l(37).
98
Let m(w) = 320*w. Determine m(-1).
-320
Let j(c) = -c**3 - 13*c**2 - 12*c - 22. Calculate j(-12).
-22
Let o(w) = w**2 - 20*w + 14. What is o(11)?
-85
Let u(a) = 136*a - 2482. What is u(18)?
-34
Let s(o) = -3*o**2 + 33*o - 81. Give s(8).
-9
Let q(t) = 2*t**3 - 4*t**2 + 14*t + 36. Give q(-2).
-24
Let n(w) = w**3 + w**2 - 25*w - 29. Give n(0).
-29
Let k(a) = a**3 + 22*a**2 - 327*a - 7323. Determine k(-21).
-15
Let s(u) = -400*u - 1140. Determin